t w(m) = -19*m**2 + 506*m + 23. What is the remainder when w(26) is divided by 14?
13
Let v(l) = 313*l - 3104. What is the remainder when v(10) is divided by (-4 - 1)*16/(-5)?
10
Let a(n) = 3*n**2 + 8*n + 4. Let u be (10/4 + -1)*10/(-3). Let m be a(u). Suppose -x - 5 = -m. Calculate the remainder when x is divided by 12.
10
Suppose 4625 = 17*l + 1004. Let p = -46 + 55. Calculate the remainder when l is divided by p.
6
Let x = 3 + 1. Suppose x*n - 3*b = -b + 198, -6 = -2*b. Suppose 2*k = -4*g - g + 54, 54 = 2*k - 4*g. Calculate the remainder when n is divided by k.
24
Suppose 3*d = 3*j + 186, -d + 4*j - 2*j + 63 = 0. Let p(v) = -161*v - 307. Calculate the remainder when d is divided by p(-2).
1
Suppose 0 = -63*c - 21132 + 21573. Let y be 0/(-1)*(-2)/(-4). Suppose 2*u - 3*u + 62 = y. Calculate the remainder when u is divided by c.
6
Let l(a) = -11*a**2 + 614*a + 167. Calculate the remainder when l(56) is divided by 38.
17
Let y = -297 + 530. Suppose -5*o + y = -0*o + 3*p, 0 = 5*o + 2*p - 237. What is the remainder when 96 is divided by o?
47
Let i(h) = -h**3 + 19*h**2 + 19*h + 240. Calculate the remainder when i(20) is divided by 77.
66
Let w be ((0 - 2) + -394)*-2. Suppose 0 = -l + 10*l - w. Calculate the remainder when l is divided by (-1)/(-7) + (-472)/(-28) + 1.
16
Let t(w) = 740*w - 3108. Calculate the remainder when t(16) is divided by 48.
44
Let w be (3 - 126/15)*(13 - 8). Calculate the remainder when 48 is divided by (-6)/w + 43/9.
3
Suppose 3*v = -2*v. Suppose 0 = -5*h, -2*h + 35 - 211 = -4*w. Suppose v = -5*p + w - 9. What is the remainder when 39 is divided by p?
4
Let r = 1290 - 714. Let u be 1/5 + (r/(-5))/(-4). Suppose 6*l - 61 = u. What is the remainder when 74 is divided by l?
14
Suppose 156 = 2*z - 3*d, 2*z = 4*d + 98 + 56. Calculate the remainder when 1779 is divided by z.
78
Let l(c) = -26*c + 24 + 18*c + 12*c. Let b be l(-5). Suppose -i + 6*i + 2*o = 492, o + 391 = b*i. Calculate the remainder when i is divided by 11.
10
Suppose -5*p - 21 = -166. Suppose -4*i + 3*r = -15 - 117, i + r = 40. Suppose -10*h = -64 - i. What is the remainder when p is divided by h?
9
Let h(i) = -52*i - 1440. What is the remainder when h(-45) is divided by 43?
40
Suppose -2*b - 2*b = 2*r + 4, r + 3*b = 0. Let g = r - -70. Suppose -3*v + g = v. What is the remainder when 47 is divided by v?
15
Suppose 0 = -73*d + 863 + 663 + 591. Calculate the remainder when (1/(-3))/(4/(-1068)) is divided by d.
2
Let k be 2/(-10) - 80/(-25). Suppose q - 8 - 1 = -4*a, -4*a = k*q - 27. Let h = 3761 - 3747. What is the remainder when h is divided by q?
5
Suppose 0 = -0*l - 2*l + 32. Suppose -361 = -12*v - 313. Suppose v*x - 44 - l = 0. Calculate the remainder when 43 is divided by x.
13
Suppose 345 = 2*z + 15. Suppose -28*c + 33*c = z. Calculate the remainder when c is divided by 9.
6
Suppose -2*w = -5*y + 4074, 4*y - 3*w - 4970 = -1715. Suppose 0 = -17*z + y + 19278. Calculate the remainder when z is divided by 32.
30
Let i = -133 - -157. Suppose 4*m = 3*f - 36, -28 = -5*f + 2*m - 6*m. What is the remainder when i is divided by f?
0
What is the remainder when 4 - ((-58184)/70 - 32/40) is divided by 55?
11
Let t = -7915 + 11558. What is the remainder when t is divided by 96?
91
Suppose 83 = -7*k + 5*k - 5*h, 0 = -k - h - 34. Let w = 1 - k. What is the remainder when w/(-2)*(-286)/66 is divided by 23?
19
Suppose 1048 = 23*b - 792. Let l = b + -71. Calculate the remainder when 64 is divided by l.
1
Let x(z) be the first derivative of -z**3/3 + 4*z**2 - 8*z - 128. Let b = -12 + 16. Calculate the remainder when 46 is divided by x(b).
6
Let f(w) = 3*w**3 + 31*w**2 - w - 18. What is the remainder when 111 is divided by f(-10)?
19
Let c(k) = -k**2 - 144*k - 1961. What is the remainder when 160 is divided by c(-16)?
73
Suppose -67 = -36*f + 113. Suppose -2*r + f*j = -51, -j + 0 = 5. What is the remainder when 89 is divided by r?
11
Let n(w) = -w**3 + 11*w - 6. Let m be n(-6). Suppose -m = j - 10*j. Calculate the remainder when 71 is divided by j.
7
Suppose 80*n - 85*n = i - 637, 5*i - 241 = -2*n. Calculate the remainder when 331 is divided by n.
75
Let q(a) = 2*a**3 + 17*a**2 + 11*a + 24. Let z be q(-8). Suppose -934*j + 932*j + 330 = z. Calculate the remainder when 172 is divided by j.
7
Suppose -38*g = -6377 - 23149. What is the remainder when g is divided by 38?
17
Calculate the remainder when 513 is divided by ((-2)/(-6))/(179/57996).
81
Let i(s) = -3*s**3 + 3*s**2 + 14*s - 6. Suppose -4*g - 1 = 5*t - 2, -2*t + 6 = 3*g. Calculate the remainder when 238 is divided by i(t).
58
Let x(z) = -z**3 + 2*z**2 + 20*z - 41. Let s be x(4). Suppose -4*d = 5*i - 85, 2*i - 2*d - s = 9. What is the remainder when 24 is divided by i?
11
Let f(q) = 753*q + 814. Let c(k) = k**3 - 5*k**2 - 11*k + 8. What is the remainder when c(8) is divided by f(-1)?
51
Calculate the remainder when 392 is divided by (6/4)/(48/4128).
5
Let w be 393*8/(-12)*-2. Suppose -w*m - 240 = -527*m. Calculate the remainder when 154 is divided by m.
74
Let c(w) = -25*w - 2586. Calculate the remainder when 1955 is divided by c(-107).
86
Let r = 13957 - 13911. What is the remainder when 57 is divided by r?
11
Suppose -69849 = -657*r + 618*r. Calculate the remainder when r is divided by 36.
27
Let s(i) = 3*i**3 - 50*i**2 - 7*i + 7. What is the remainder when 355 is divided by s(17)?
1
Let n be 14/(-21) - (-22)/(-3). What is the remainder when 33 is divided by 18 + (n/2 - -3)?
16
Suppose -43 = -3*q - 6*c + 4*c, c = -2*q + 29. Suppose 3*x = -3*t - 243, x = 2*x - 2*t + 66. Let k = 117 + x. Calculate the remainder when k is divided by q.
11
Suppose -l - l = -4. Let f(s) = s**3 - 7*s**2 + 160*s + 1214. Calculate the remainder when f(-5) is divided by l*((-38)/(-4) - -2).
22
Calculate the remainder when 6945 is divided by ((-12)/10)/(5412/(-360) - -14 - -1).
33
Suppose -i + 13 = -h - 10, i + 4*h = -2. Suppose -2*u + 2568 = 11*u + 11*u. Calculate the remainder when u is divided by i.
17
Let z(c) = -c**3 - 63*c**2 - 113*c - 1691. Calculate the remainder when z(-63) is divided by 194.
190
Suppose -7*b - 37 = 2*a - 8*b, -2*b - 88 = 5*a. What is the remainder when 45 is divided by 2/4*(22 + a)?
1
Let a(j) = -j + 20. Let k = 29 + -30. Let z(q) = 56*q**2 + 1. Calculate the remainder when z(k) is divided by a(8).
9
Suppose -9771*u + 4*h + 27 = -9770*u, -3*h - 54 = -3*u. Suppose -y + 36 + 65 = 0. Calculate the remainder when y is divided by u.
11
Let z = 186 + -188. What is the remainder when z + 764/16 - (-4)/16 is divided by 20?
6
Let c(x) = 9*x + 23. Suppose -2*s + 284 = -634. What is the remainder when s is divided by c(0)?
22
Suppose 44 = d - 6. Calculate the remainder when d is divided by 1*8 - 721/(-103).
5
Calculate the remainder when 4240 is divided by (-606)/(-4)*((-228)/18 + 14).
200
Suppose -8*b + 1364 = 2*u, -447 = -3*b - u + 64. What is the remainder when b is divided by 44?
39
Let h be ((-6)/8)/((-6)/16). Suppose -5*d + 96 = 4*q, 3*q - 5*q = -h*d + 24. Calculate the remainder when 61 is divided by d.
13
Suppose 0 = -243*v + 1099 + 3032. What is the remainder when 132 is divided by v?
13
Suppose -p + 509*f - 514*f + 556 = 0, f + 7 = 0. What is the remainder when p is divided by 58?
11
Suppose -3*y + 35*y = -4*y + 828. What is the remainder when 7033 is divided by y?
18
Suppose -54*v - 4884 = -48*v. Let m = -763 - v. What is the remainder when 201 is divided by m?
48
Suppose 3*x + x - 24 = 0. Suppose -20*z - 8*z + 7868 = 0. Let q = 321 - z. What is the remainder when q is divided by x?
4
Let u(t) = t**2 - 2*t + 3. Let l(k) = k**2 - 23*k - 48. Let w be l(25). Calculate the remainder when (6/(-5))/(2/(-5)) is divided by u(w).
0
Let t be 0 + 0 + 1 + (-43)/(-43). Suppose 0 = -4*j + 222 + 130. What is the remainder when j is divided by (-36)/(-1*(2 - (t - 2)))?
16
Let u(m) = 23*m**2 + 40*m - 267. Calculate the remainder when u(6) is divided by 35.
31
Suppose -2*f - 1672 = -2*r, 7*r - 4*f = 6*r + 848. Calculate the remainder when r is divided by 38.
34
Suppose 0 = -b - 3*b - 2*y + 60, b = -2*y + 18. Suppose -157*i + 3*w + 84 = -154*i, -4*i - 3*w = -91. What is the remainder when i is divided by b?
11
Let f(d) = d**3 + 3*d**2 + 9*d + 6. Suppose -2*i - 3*y = 17, y - 1 = -4. Let g be f(i). Let o = g - -73. Calculate the remainder